{"id":5,"date":"2006-09-19T12:27:42","date_gmt":"2006-09-19T10:27:42","guid":{"rendered":"http:\/\/autogas-franken.de\/blog\/erfahrungswerte-aktuell\/"},"modified":"2018-05-23T11:43:12","modified_gmt":"2018-05-23T09:43:12","slug":"erfahrungswerte-aktuell","status":"publish","type":"page","link":"https:\/\/www.autogas-franken.de\/blog\/index.php\/erfahrungswerte-aktuell","title":{"rendered":"Erfahrungswerte aktuell"},"content":{"rendered":"<p><span style=\"color: #064c94;\">In dieser Tabelle sehen Sie die ungesch\u00f6nten und harten Zahlen, wie sich das Autogasfahren bei mir verh\u00e4lt! <\/span><\/p>\n<p><span style=\"color: #064c94;\"><strong>SKODA<\/strong> (seit 06.02.2009):<\/span><\/p>\n<table border=\"1\" width=\"100%\" cellspacing=\"1\" cellpadding=\"1\">\n<tbody>\n<tr>\n<td align=\"center\">Wie oft<br \/>\nAutogas<br \/>\ngetankt?<\/td>\n<td align=\"center\">Preis<br \/>\nim<br \/>\nSchnitt<\/td>\n<td align=\"center\">Mit<br \/>\nAutogas<br \/>\ngefahrene<br \/>\nkm<\/td>\n<td align=\"center\">Verbrauch<br \/>\nim Schnitt<\/td>\n<td align=\"center\">Mehr-<br \/>\nverbrauch<br \/>\nim Schnitt<\/td>\n<td align=\"center\">Ersparnis<br \/>\ngg\u00fc. Super<br \/>\nBenzin<\/td>\n<\/tr>\n<tr>\n<td align=\"center\"><strong>weit \u00fcber 210 x<\/strong><\/td>\n<td align=\"center\"><strong>0,694\u20ac<\/strong><\/td>\n<td align=\"center\"><strong>133.542 km<\/strong><\/td>\n<td align=\"center\"><strong>10,19 L\/km<\/strong><\/td>\n<td align=\"center\"><strong>+15,77 %<\/strong><\/td>\n<td align=\"center\"><strong>7.498,12 \u20ac<\/strong><\/td>\n<\/tr>\n<\/tbody>\n<\/table>\n<p><span style=\"color: #064c94;\">Stand 23.04.2015<\/span><\/p>\n<p style=\"text-align: center;\"><span style=\"color: #064c94;\">&#8212;&#8212;&#8212;&#8212;&#8212;&#8212;&#8212;&#8212;&#8212;&#8212;&#8212;&#8212;&#8212;&#8212;&#8212;&#8212;&#8212;&#8212;&#8212;-<\/span><\/p>\n<p><span style=\"color: #064c94;\"><strong>AUDI 1,8T<\/strong> (<\/span><span style=\"color: #064c94;\">seit 15.11.2004<\/span><span style=\"color: #064c94;\">):<\/span><\/p>\n<table border=\"1\" width=\"100%\" cellspacing=\"1\" cellpadding=\"1\">\n<tbody>\n<tr>\n<td align=\"center\">Wie oft<br \/>\nAutogas<br \/>\ngetankt?<\/td>\n<td align=\"center\">Preis<br \/>\nim<br \/>\nSchnitt<\/td>\n<td align=\"center\">Mit<br \/>\nAutogas<br \/>\ngefahrene<br \/>\nkm<\/td>\n<td align=\"center\">Verbrauch<br \/>\nim Schnitt<\/td>\n<td align=\"center\">Mehr-<br \/>\nverbrauch<br \/>\nim Schnitt<\/td>\n<td align=\"center\">Ersparnis<br \/>\ngg\u00fc. Super<br \/>\nBenzin<\/td>\n<\/tr>\n<tr>\n<td align=\"center\"><strong>484 x<\/strong><\/td>\n<td align=\"center\"><strong>0,622\u20ac<\/strong><\/td>\n<td align=\"center\"><strong>131.305 km<\/strong><\/td>\n<td align=\"center\"><strong>11,47 L\/km<\/strong><\/td>\n<td align=\"center\"><strong>+14,66 %<\/strong><\/td>\n<td align=\"center\"><strong>7.698,68 \u20ac<\/strong><\/td>\n<\/tr>\n<\/tbody>\n<\/table>\n<p><span style=\"color: #064c94;\">Stand 04.07.2008<\/span><\/p>\n<p><span style=\"color: #064c94;\"><strong>Erkl\u00e4rung der oben stehenden Berechnungen:<\/strong><\/span><\/p>\n<p><span style=\"color: #064c94;\">F\u00fcr die Ermittlung der Einsparung gegen\u00fcber Super-Benzin notiere ich bei jeder Gasbetankung den aktuellen Super-Preis und lege einen Verbrauch von <\/span><span style=\"color: #064c94;\">8Litern\/100km<\/span><span style=\"color: #064c94;\"> (Skoda) 10Litern\/100km (Audi) zugrunde. D.h. ich ermittle, was mich die gefahrenen Kilometer\u00a0aktuell mit Super gekostet h\u00e4tten, um zu erfahren, ob sich meine Investitionen in H\u00f6he von je 2.500 Euro gelohnt hat!<\/span><\/p>\n","protected":false},"excerpt":{"rendered":"<p>In dieser Tabelle sehen Sie die ungesch\u00f6nten und harten Zahlen, wie sich das Autogasfahren bei mir verh\u00e4lt! SKODA (seit 06.02.2009): Wie oft Autogas getankt? Preis im Schnitt Mit Autogas gefahrene km Verbrauch im Schnitt Mehr- verbrauch im Schnitt Ersparnis gg\u00fc. &hellip; <a href=\"https:\/\/www.autogas-franken.de\/blog\/index.php\/erfahrungswerte-aktuell\">Weiterlesen <span class=\"meta-nav\">&rarr;<\/span><\/a><\/p>\n","protected":false},"author":4,"featured_media":0,"parent":0,"menu_order":1,"comment_status":"open","ping_status":"closed","template":"","meta":{"jetpack_post_was_ever_published":false},"yoast_head":"<!-- This site is optimized with the Yoast SEO plugin v19.7.2 - https:\/\/yoast.com\/wordpress\/plugins\/seo\/ -->\n<title>Erfahrungswerte aktuell - Autogas f\u00fcr Franken<\/title>\n<meta name=\"robots\" content=\"index, follow, max-snippet:-1, max-image-preview:large, max-video-preview:-1\" \/>\n<link rel=\"canonical\" href=\"https:\/\/www.autogas-franken.de\/blog\/index.php\/erfahrungswerte-aktuell\" \/>\n<meta property=\"og:locale\" content=\"de_DE\" \/>\n<meta property=\"og:type\" content=\"article\" \/>\n<meta property=\"og:title\" content=\"Erfahrungswerte aktuell - Autogas f\u00fcr Franken\" \/>\n<meta property=\"og:description\" content=\"In dieser Tabelle sehen Sie die ungesch\u00f6nten und harten Zahlen, wie sich das Autogasfahren bei mir verh\u00e4lt! SKODA (seit 06.02.2009): Wie oft Autogas getankt? Preis im Schnitt Mit Autogas gefahrene km Verbrauch im Schnitt Mehr- verbrauch im Schnitt Ersparnis gg\u00fc. &hellip; Weiterlesen &rarr;\" \/>\n<meta property=\"og:url\" content=\"https:\/\/www.autogas-franken.de\/blog\/index.php\/erfahrungswerte-aktuell\" \/>\n<meta property=\"og:site_name\" content=\"Autogas f\u00fcr Franken\" \/>\n<meta property=\"article:modified_time\" content=\"2018-05-23T09:43:12+00:00\" \/>\n<meta name=\"twitter:card\" content=\"summary_large_image\" \/>\n<meta name=\"twitter:label1\" content=\"Gesch\u00e4tzte Lesezeit\" \/>\n\t<meta name=\"twitter:data1\" content=\"1\u00a0Minute\" \/>\n<script type=\"application\/ld+json\" class=\"yoast-schema-graph\">{\"@context\":\"https:\/\/schema.org\",\"@graph\":[{\"@type\":\"WebPage\",\"@id\":\"https:\/\/www.autogas-franken.de\/blog\/index.php\/erfahrungswerte-aktuell\",\"url\":\"https:\/\/www.autogas-franken.de\/blog\/index.php\/erfahrungswerte-aktuell\",\"name\":\"Erfahrungswerte aktuell - Autogas f\u00fcr Franken\",\"isPartOf\":{\"@id\":\"https:\/\/www.autogas-franken.de\/blog\/#website\"},\"datePublished\":\"2006-09-19T10:27:42+00:00\",\"dateModified\":\"2018-05-23T09:43:12+00:00\",\"breadcrumb\":{\"@id\":\"https:\/\/www.autogas-franken.de\/blog\/index.php\/erfahrungswerte-aktuell#breadcrumb\"},\"inLanguage\":\"de\",\"potentialAction\":[{\"@type\":\"ReadAction\",\"target\":[\"https:\/\/www.autogas-franken.de\/blog\/index.php\/erfahrungswerte-aktuell\"]}]},{\"@type\":\"BreadcrumbList\",\"@id\":\"https:\/\/www.autogas-franken.de\/blog\/index.php\/erfahrungswerte-aktuell#breadcrumb\",\"itemListElement\":[{\"@type\":\"ListItem\",\"position\":1,\"name\":\"Startseite\",\"item\":\"https:\/\/www.autogas-franken.de\/blog\"},{\"@type\":\"ListItem\",\"position\":2,\"name\":\"Erfahrungswerte aktuell\"}]},{\"@type\":\"WebSite\",\"@id\":\"https:\/\/www.autogas-franken.de\/blog\/#website\",\"url\":\"https:\/\/www.autogas-franken.de\/blog\/\",\"name\":\"Autogas f\u00fcr Franken\",\"description\":\"Erfahrungen mit den auf LPG umger\u00fcsteten Audi A3 und Skoda Oktavia\",\"potentialAction\":[{\"@type\":\"SearchAction\",\"target\":{\"@type\":\"EntryPoint\",\"urlTemplate\":\"https:\/\/www.autogas-franken.de\/blog\/?s={search_term_string}\"},\"query-input\":\"required name=search_term_string\"}],\"inLanguage\":\"de\"}]}<\/script>\n<!-- \/ Yoast SEO plugin. -->","yoast_head_json":{"title":"Erfahrungswerte aktuell - Autogas f\u00fcr Franken","robots":{"index":"index","follow":"follow","max-snippet":"max-snippet:-1","max-image-preview":"max-image-preview:large","max-video-preview":"max-video-preview:-1"},"canonical":"https:\/\/www.autogas-franken.de\/blog\/index.php\/erfahrungswerte-aktuell","og_locale":"de_DE","og_type":"article","og_title":"Erfahrungswerte aktuell - Autogas f\u00fcr Franken","og_description":"In dieser Tabelle sehen Sie die ungesch\u00f6nten und harten Zahlen, wie sich das Autogasfahren bei mir verh\u00e4lt! SKODA (seit 06.02.2009): Wie oft Autogas getankt? Preis im Schnitt Mit Autogas gefahrene km Verbrauch im Schnitt Mehr- verbrauch im Schnitt Ersparnis gg\u00fc. &hellip; Weiterlesen &rarr;","og_url":"https:\/\/www.autogas-franken.de\/blog\/index.php\/erfahrungswerte-aktuell","og_site_name":"Autogas f\u00fcr Franken","article_modified_time":"2018-05-23T09:43:12+00:00","twitter_card":"summary_large_image","twitter_misc":{"Gesch\u00e4tzte Lesezeit":"1\u00a0Minute"},"schema":{"@context":"https:\/\/schema.org","@graph":[{"@type":"WebPage","@id":"https:\/\/www.autogas-franken.de\/blog\/index.php\/erfahrungswerte-aktuell","url":"https:\/\/www.autogas-franken.de\/blog\/index.php\/erfahrungswerte-aktuell","name":"Erfahrungswerte aktuell - Autogas f\u00fcr Franken","isPartOf":{"@id":"https:\/\/www.autogas-franken.de\/blog\/#website"},"datePublished":"2006-09-19T10:27:42+00:00","dateModified":"2018-05-23T09:43:12+00:00","breadcrumb":{"@id":"https:\/\/www.autogas-franken.de\/blog\/index.php\/erfahrungswerte-aktuell#breadcrumb"},"inLanguage":"de","potentialAction":[{"@type":"ReadAction","target":["https:\/\/www.autogas-franken.de\/blog\/index.php\/erfahrungswerte-aktuell"]}]},{"@type":"BreadcrumbList","@id":"https:\/\/www.autogas-franken.de\/blog\/index.php\/erfahrungswerte-aktuell#breadcrumb","itemListElement":[{"@type":"ListItem","position":1,"name":"Startseite","item":"https:\/\/www.autogas-franken.de\/blog"},{"@type":"ListItem","position":2,"name":"Erfahrungswerte aktuell"}]},{"@type":"WebSite","@id":"https:\/\/www.autogas-franken.de\/blog\/#website","url":"https:\/\/www.autogas-franken.de\/blog\/","name":"Autogas f\u00fcr Franken","description":"Erfahrungen mit den auf LPG umger\u00fcsteten Audi A3 und Skoda Oktavia","potentialAction":[{"@type":"SearchAction","target":{"@type":"EntryPoint","urlTemplate":"https:\/\/www.autogas-franken.de\/blog\/?s={search_term_string}"},"query-input":"required name=search_term_string"}],"inLanguage":"de"}]}},"jetpack_sharing_enabled":true,"jetpack_shortlink":"https:\/\/wp.me\/P7UynC-5","jetpack-related-posts":[{"id":2,"url":"https:\/\/www.autogas-franken.de\/blog\/index.php\/ueber","url_meta":{"origin":5,"position":0},"title":"Impressum","date":"18. September 2006","format":false,"excerpt":"\u201cAutogas-Franken\u201d ist eine private Seite um die Erfahrungen mit Autogas (Umr\u00fcstung, Werkst\u00e4tten, Amortisierung, etc.) mit anderen Autogasfahrern oder Interessierten zu teilen. Verfasser dieser Internetseiten ist Andreas Brandl Birkenstrasse 29 91207 Lauf a.d.Pegnitz andy(a)autogas-franken.de Tel: 09123\/998877 Haftungsausschluss: 1. Inhalt und Service des Onlineangebotes Wir unternehmen alle zumutbaren Anstrengungen, um die Zuverl\u00e4ssigkeit\u2026","rel":"","context":"In &quot;Allgemein&quot;","img":{"alt_text":"","src":"","width":0,"height":0},"classes":[]},{"id":430,"url":"https:\/\/www.autogas-franken.de\/blog\/index.php\/datenschutzerklaerung","url_meta":{"origin":5,"position":1},"title":"Datenschutzerkl\u00e4rung","date":"23. Mai 2018","format":false,"excerpt":"Diese Datenschutzerkl\u00e4rung kl\u00e4rt Sie \u00fcber die Art, den Umfang und Zweck der Verarbeitung von personenbezogenen Daten (nachfolgend kurz \u201eDaten\u201c) innerhalb unseres Onlineangebotes und der mit ihm verbundenen Webseiten, Funktionen und Inhalte sowie externen Onlinepr\u00e4senzen, wie z.B. unser Social Media Profile auf. (nachfolgend gemeinsam bezeichnet als \u201eOnlineangebot\u201c). Im Hinblick auf die\u2026","rel":"","context":"In \"Datenschutzerkl\u00e4rung\"","img":{"alt_text":"","src":"","width":0,"height":0},"classes":[]}],"_links":{"self":[{"href":"https:\/\/www.autogas-franken.de\/blog\/index.php\/wp-json\/wp\/v2\/pages\/5"}],"collection":[{"href":"https:\/\/www.autogas-franken.de\/blog\/index.php\/wp-json\/wp\/v2\/pages"}],"about":[{"href":"https:\/\/www.autogas-franken.de\/blog\/index.php\/wp-json\/wp\/v2\/types\/page"}],"author":[{"embeddable":true,"href":"https:\/\/www.autogas-franken.de\/blog\/index.php\/wp-json\/wp\/v2\/users\/4"}],"replies":[{"embeddable":true,"href":"https:\/\/www.autogas-franken.de\/blog\/index.php\/wp-json\/wp\/v2\/comments?post=5"}],"version-history":[{"count":39,"href":"https:\/\/www.autogas-franken.de\/blog\/index.php\/wp-json\/wp\/v2\/pages\/5\/revisions"}],"predecessor-version":[{"id":364,"href":"https:\/\/www.autogas-franken.de\/blog\/index.php\/wp-json\/wp\/v2\/pages\/5\/revisions\/364"}],"wp:attachment":[{"href":"https:\/\/www.autogas-franken.de\/blog\/index.php\/wp-json\/wp\/v2\/media?parent=5"}],"curies":[{"name":"wp","href":"https:\/\/api.w.org\/{rel}","templated":true}]}}